 3*m. Let z(t) = c + 5 + 3 - 4*t + t**2 - 14. Let l(k) = -k**3 + 3*k**2 + 2*k - 2. Let d be l(3). What is z(d)?
-4
Let b(m) = 13*m + 1. Let q = -13 - -16. Suppose 0 - q = 3*n. What is b(n)?
-12
Suppose 136 - 166 = -6*r. Let z(k) = -2*k**2 - 3*k + 32. Calculate z(r).
-33
Let f(w) = w + 4. Let x be f(-4). Suppose 6*d - 2*d + 4 = x. Let p(l) be the third derivative of -l**5/60 + l**4/24 + 14*l**2 - 2*l - 164. Give p(d).
-2
Let g(y) = y**2 - 6*y - 9. Suppose 3*r = q + 8*r - 17, -5*r + 10 = 0. What is g(q)?
-2
Let c(x) = x**3 - 2*x + 8. Suppose -20 = -b + 17. Let r = 37 - b. Determine c(r).
8
Let z(m) be the first derivative of m**3/3 - 6*m**2 - 23*m + 4337. Determine z(12).
-23
Let s(w) be the second derivative of 26*w + 0 - 1/2*w**2 - 1/2*w**3. Suppose 8 = 2*y + 2*h, 4*y - y + 2*h = 11. Determine s(y).
-10
Let l(t) = -t**2 - 19*t + 6. Let q be l(-11). Let s = 94 - q. Let i(u) = u**2 + 1. Give i(s).
1
Let g(s) = -s + 13387010*s**2 + s - 13387009*s**2 - s**3 - 2. Suppose 2*l - 7 + 3 = 0. Suppose 3 + 1 = l*h. What is g(h)?
-6
Let c(b) be the third derivative of 7*b**4/24 + 8*b**3 + 2*b**2 + 2*b - 86. What is c(-7)?
-1
Let b be 10/(-4) - 0 - (-1)/2. Let o(l) = 18*l + 16. Let c(k) = -12*k - 11. Let n(q) = 7*c(q) + 5*o(q). Give n(b).
-9
Suppose -3*c + 12 = 0, t - 2*c - 13 = -11. Let z(i) = -i + t - 3*i - 17. Give z(-7).
21
Let q(i) be the first derivative of 15/4*i**4 - i + 39 + 0*i**3 + 1/2*i**2. Calculate q(1).
15
Let b = -120 + 189. Let y(k) = 37*k - b*k + 31*k - 3*k**2 - 2. Let f = -35 - -37. Determine y(f).
-16
Suppose -335*v + 338*v - 6 = 0. Let d(g) = -178*g + 0 + 175*g - 5 + g**v. Determine d(7).
23
Suppose -827 = -4*m + d, 3*d = m + 6*d - 223. Let f(x) = 210*x - 2 - m*x + 1. Give f(-1).
-3
Let b(s) = -s**2 - 11. Let z(y) = -y**3 + 8*y**2 + 4*y + 24. Let q be z(7). Suppose q*o = 102*o. Give b(o).
-11
Let w(j) be the first derivative of j**2 + 5*j + 23 - 1/3*j**3. Determine w(5).
-10
Let w be 194/7 - (-3)/(-63)*-6. Suppose w + 16 = 11*r. Let m(g) be the second derivative of g**4/12 - g**3 - 3*g**2/2 + g. Give m(r).
-11
Let u(o) = 24*o + 156. Suppose -73*k - 41*k = 996 - 198. Calculate u(k).
-12
Let r(l) be the first derivative of -l**4/4 - 3*l**3 + l**2/2 - 6*l - 2009. What is r(-7)?
-111
Let r(l) = l**3 - 11*l**2 + 2*l - 10. Let c(o) be the first derivative of o**3/3 + 13*o**2/2 + 41*o + 8. Let j be c(-10). What is r(j)?
12
Let w(h) = h**3 - 7*h**2 + 9*h - 4. Let s = 664 - 661. Calculate w(s).
-13
Let p(k) = -k**3 - 775*k + 1540*k - 769*k - 13*k**2 - 51. Give p(-13).
1
Suppose -3*h - 3*l + 10 + 29 = 0, -2 = -2*l. Suppose -8*o = -4*k - 56, -o + 9 + h = 3*k. Let r(p) = p - 21. Give r(o).
-12
Let y be (210/(-525))/((-12)/10 + 1). Suppose -4*a = 2*m - 7*a - 1, -a = -m + y. Let g(n) = -1 - 7*n + 0*n**2 + n**2 + 4 + 0*n**2. Give g(m).
-7
Let i(m) = -5*m**2 + m + 22. Let y(p) = -8*p**2 - p + 14. Let n(x) = 17*x**2 + 3*x - 24. Let c(l) = -2*n(l) - 5*y(l). Let w(q) = -4*c(q) - 5*i(q). Give w(5).
-2
Let w(f) = 2 + 2*f**2 + 7*f**3 - 5*f**3 - 9*f**3 - 6*f. Let g(t) = -t**3 - t - 1. Let x(d) = 6*g(d) - w(d). Determine x(3).
1
Let s(m) = m**2 - 2*m. Suppose -9*f = -4*f - 30. Suppose 3*v + 0*v + u = 18, v - f = 5*u. Suppose -117*a = -114*a - v. Calculate s(a).
0
Let f(v) = -91*v**2 + 3*v. Let m(z) = -454*z**2 + 20*z + 3. Let c(r) = -5*f(r) + m(r). Suppose -2*s + 12 = -3*y, y + 5*s + 4 = -0. Determine c(y).
-1
Suppose -5*o - 3*m = -0*o - 217, -2*o + 4*m = -66. Let k(n) = 1 + 12*n**2 + 21*n**2 - o*n**2 + 15*n**2. Determine k(-1).
8
Let n be 2*(3 - 0) - (6 + -16 + 8). Let q(y) = -31*y + 250. Give q(n).
2
Let j(h) = -6*h + 181 - 6*h + 0*h + 5*h + 19*h. What is j(-14)?
13
Let v(i) be the second derivative of i**5/20 - 8*i**4/3 - 6*i**3 + 99*i**2/2 - 4754*i. What is v(33)?
0
Let i(f) = -15*f**3 + f**2 - 2. Let n be i(-1). Suppose 48*q - 46*q = -n. Let m(p) = p + 4. Give m(q).
-3
Let g(y) = -y**2 - 33*y + 12426. Let x be g(-129). Let q(h) = -h**2 + 30*h + 498. Determine q(x).
-6
Let p(u) be the first derivative of 53*u**2/2 + 64*u - 2172. What is p(-1)?
11
Suppose -4*l + 8 = 0, -a + 0*l + 217 = -5*l. Let s = 219 - a. Let n(k) = 3*k + 8. Give n(s).
-16
Let y(s) = 838 - 398 - s - 4*s - s**2 + 2*s - 408. Determine y(-7).
4
Let y(o) = 3*o + 3. Let t(n) = 17*n + 9. Let u(k) = -t(k) + 6*y(k). What is u(5)?
14
Let a(c) = -39*c + 131. Let x(i) = -24*i + 87. Let m(k) = -5*a(k) + 8*x(k). What is m(-14)?
-1
Let m(c) be the second derivative of -c**4/12 - 5*c**2/2 - 2*c. Let t be ((-27)/21 - -1) + ((-984)/84 - -12). Determine m(t).
-5
Let p(q) be the third derivative of q**4/24 - 5*q**3/2 + 21*q**2 - 1. Let m = 1311 + -1304. Determine p(m).
-8
Suppose 8 = 5*t + 3. Let l(q) = q**2 - 2*q**2 + 2*q**2 + t + 1 - 9*q. Let h(d) = d**2 - 9*d + 3. Let y(j) = -3*h(j) + 4*l(j). Give y(7).
-15
Let w(a) = 3*a**2 + 5*a - 65. Suppose 4*r - 40*r + 304 = 40*r. Give w(r).
3
Let p(u) be the third derivative of -99*u**2 + 0*u + 0 - 1/24*u**4 + 0*u**3. Determine p(1).
-1
Let l(q) = 15*q**2 + 16*q + 9. Let b(k) be the second derivative of -7*k**4/12 - 4*k**3/3 - 2*k**2 + k + 40. Let i(t) = -13*b(t) - 6*l(t). Determine i(-6).
-14
Suppose -3*x = -249 + 243. Suppose 0 = -x*p - 8, 5*s + 4*p + 30 = -p. Let l(y) = 4*y + 2. Give l(s).
-6
Let w(c) be the second derivative of -c**3/2 - 3*c**2 - c. Let h(r) = -20*r**3 - 1620*r**2 - 3*r - 247. Let q be h(-81). Give w(q).
6
Let i(s) = -s - s**3 + 41 - 14*s**2 - 45 + 2*s**3. What is i(14)?
-18
Suppose 2*u + 2*u - 2*x + 8 = 0, 8 = 2*u + 2*x. Let w(p) = -p + 6*p**2 + 5*p**2 + 3*p**2 - 2*p**2 + p**3 - 10*p**2 - 12. Calculate w(u).
-12
Let o(r) be the second derivative of -r**5/10 + r**4/12 - 25*r**3/6 + 25*r**2/2 - 88*r + 1. Calculate o(1).
-1
Let m(w) = 2*w**2 + 17*w + 31. Suppose -4*i - 10 = 2*g, 3*i + 12*g - 14*g = -25. Determine m(i).
-4
Let q(s) = 3 - 18496*s + 36996*s - 18501*s + 13. What is q(-8)?
24
Let d = 421 - 338. Suppose 0 = -28*h - d - 57. Let s(t) be the third derivative of t**5/60 + t**4/8 + t**3/6 + t**2. Determine s(h).
11
Let i(c) = -c**2 - 6*c - 5. Suppose -10*v + 48 = -2*v. Suppose -v = 3*t - 6*t. Suppose 6*u - 3*f = 4*u + t, 0 = -u - f - 9. What is i(u)?
0
Let x = 321 - 312. Let n(j) = 37*j**3 - 29*j - x*j**2 + 18*j - 36*j**3 - 5. Let o = -9 + 19. Calculate n(o).
-15
Suppose -2*b - b + 17 = n, -5*n - 3*b + 37 = 0. Suppose -11*q + 10*q = -5, -4*s = 5*q - n. Let z(l) = l**3 + 5*l**2 - 2*l - 6. Determine z(s).
4
Let w(m) = -m**3 - 5*m**2 + 5*m + 2. Let a be -4 + 15/6 - (-831)/6. Suppose -a + 38 = -9*i. Suppose -i*v = -7 + 62. Determine w(v).
-23
Let d(s) be the second derivative of -s**5/20 - 5*s**4/12 - 11*s**3/6 - 21*s**2/2 - 26*s. What is d(-4)?
7
Suppose 0 = 17*t + 5*a + 156, 4*a = 3*t + 7*a + 36. Let g(x) = -6*x - 44. Determine g(t).
4
Let p(n) be the third derivative of 35*n**4/24 - n**3/3 - n**2 + 365*n. Determine p(-1).
-37
Let l(r) be the second derivative of r**5/20 + r**4/2 - 4*r**2 - 1168*r. Suppose -21 = 4*a + 3. What is l(a)?
-8
Let s(p) = -2*p**2 - 6*p - 7. Let l be (((-8)/12)/((-2)/(-3)))/((-119)/(-952)). What is s(l)?
-87
Let a(f) = -94 + 45 + 55 - 5*f. Determine a(-6).
36
Let w(y) = -25*y + 65. Suppose -46*d - 16 = -48*d - 2*n, 2*n - 10 = 0. Calculate w(d).
-10
Let i(g) = 589 - 8*g - 558 + 73*g**2 - 74*g**2. Give i(-8).
31
Let g(d) = 7*d**3 - 6*d**2 - 4*d - 2. Let y = 116 - 115. Let h(l) = l**3 - l**2 - 1. Let w(x) = y*g(x) - 5*h(x). Calculate w(2).
7
Let d(w) = w**2 - 5*w + 3. Let r = -44 - -50. Suppose -r*z + 80 = 4*z. Let j be 18/48 - (-21)/z. Calculate d(j).
-3
Let f(u) = -37*u + 148. Let v(s) = 75*s - 327. Let y(g) = 13*f(g) + 6*v(g). Determine y(-2).
24
Let n(l) = -4*l**2 - 4*l + 1. Let o(t) = 2*t**2 + t - 1. Let x(g) = n(g) + 3*o(g). What is x(3)?
13
Suppose -50 = -9*o + 4*o. Let j(q) = -q + 7 - o + 3*q + 13. Determine j(-8).
-6
Let p(t) = -7*t**3 - t**3 - 6195*t**2 + 7*t**3 + 5*t + 6204*t**2 - 46. Give p(9).
-1
Let r(b) = b**2 + 15*b + 12. Let u(d) = -3*d**2 - 46*d - 37. Let m(c) = 7*r(c) + 2*u(c). Let y = 5394 - 5407. Determine m(y).
10
Let w = -30 - -120. Let c(z) = -86*z - w*z + 266*z - 92*z + 1 + 14. Give c(16).
-17
Let c(k) = 19*k**3 - 44*k**2 - 9*k - 39. Let x(y) = 16*y**3 - 39*y**2 - 10*y - 38. Let f(v) = -5*c(v) + 6*x(v). Calculate f(15).
-33
Let h(n) = 60*n + 299. Let t be h(-5). Let b(f) be the second deri